((-50)/(-4)). Calculate the highest common factor of n and 420.
60
Suppose -r = 2*m - 770, r = 6*m - m - 1918. Calculate the greatest common factor of m and 48.
48
Suppose 2*r + 115 = -3*r. Let i = r - -36. What is the greatest common divisor of 13 and i?
13
Suppose 6*j + 2*m = 2*j - 92, -j + 2*m - 33 = 0. Let g be (-2)/(-5) + (-65)/j. Suppose i - 92 = -g*i. Calculate the highest common factor of 92 and i.
23
Suppose 0 = b + b - 2. Let g be (14 + -2 + -1)*b. What is the highest common factor of g and 55?
11
Let r(q) = -4*q**3 + 75*q**2 - 42*q + 39. Let f be r(18). What is the highest common divisor of 595 and f?
85
Let q = 1024 - 595. Calculate the highest common factor of q and 39.
39
Let q(a) = 29*a**2 + 17*a + 37. Let b be q(-2). What is the greatest common divisor of 85 and b?
17
Suppose b = -s - 88, 15*s - 11*s + 357 = b. Let p = -53 - s. Calculate the greatest common factor of p and 24.
12
Suppose -4*u + 9*u - 521 = -4*m, -5*m - 425 = -4*u. Calculate the greatest common divisor of 21 and u.
21
Suppose 136 = 9*s - 35. Let r = s + 1. Calculate the highest common divisor of r and 80.
20
Let h(k) = -3*k - 2. Let w be h(-5). Let v = w + 6. Calculate the highest common factor of v and 57.
19
Let t = -66 + 69. Let n be (-9*t)/(-3 + 12/8). What is the highest common factor of 18 and n?
18
Suppose -r = 4*j - 261 + 55, -j + r = -54. Suppose -j = 2*h + 80. Let w be h/(-4)*4/6. What is the highest common factor of w and 22?
11
Suppose -5*w - h + 48 = 0, -3*h - 24 = -4*w + h. Calculate the greatest common factor of w and 129.
3
Let k be (-2 + 2 + 0)*1. Suppose k*i + 75 = 5*i. Let r be 77/5 + 9/i. What is the greatest common divisor of r and 32?
16
Let y be 110/4 + (-3)/6. Let s(k) = -k**3 + 7*k**2 + 2*k + 9. Let n be s(7). Let z = n - 5. What is the greatest common factor of y and z?
9
Let q(s) = s**3 + 9*s**2 + 10*s + 4. Let l be q(-8). Let t be ((-24)/10)/(l/560). What is the greatest common divisor of t and 14?
14
Let t = -56 - -166. Suppose -3*n + 2*d = -247, 432 - t = 4*n + d. What is the highest common factor of 9 and n?
9
Suppose -3*d - 2*j = 3*j - 215, -2*d - j = -148. Let w = 0 + 4. Suppose 0 = -w*l + 4*f + 40, -2*l + l + 25 = 2*f. What is the highest common divisor of l and d?
15
Let u = 486 - 446. Suppose 2*t - 5*g = 40 - 0, -5*t + 4*g + 134 = 0. Calculate the highest common divisor of u and t.
10
Let k(t) be the first derivative of 2 + 2*t + 1/3*t**3 + 1/2*t**2. Let d be k(3). Calculate the greatest common factor of 14 and d.
14
Suppose 12 = -5*l - 8. Let i be (-4)/(-10) - 2/5. Let c be 6 + (1 - i) + l. What is the greatest common factor of c and 24?
3
Let k be (-8 - -13)/(2 + -1). Suppose k*t = -20, -8*v + 2*t = -4*v - 56. What is the highest common factor of v and 96?
12
Let c be 564/14 - (-22)/(-77). Calculate the highest common factor of 8 and c.
8
Let d = 682 - 585. What is the highest common divisor of d and 873?
97
Let l = 2461 - 2121. Calculate the highest common factor of 102 and l.
34
Let o be (6 + (0 - 3))*36/(-27). Let f be -2 + (-372)/(-3) - o. What is the greatest common factor of 18 and f?
18
Let a(x) = 12*x + 31. Let z be a(-2). Let f be 4/(-10) - 144/(-10). Calculate the highest common divisor of z and f.
7
Let f(j) = 2*j**2 - 14*j + 3. Let n be f(7). Suppose -3*t - 28 = -5*y, n*y - 6 = y - 4*t. Calculate the highest common factor of 5 and y.
5
Suppose 3*m - 15 = j, -7*m + 2*m - 3*j = -11. Calculate the highest common factor of m and 268.
4
Let j be (-8561)/(-35) + 8/20. Calculate the highest common divisor of j and 5.
5
Let x = -12 + 20. Let l be (-8 - -28)/(1/(-12)*(-31 - -28)). Calculate the highest common factor of l and x.
8
Suppose -6*q = -14 + 2. Suppose q = 5*a + i, 0*i - 10 = -5*i. Let h(o) = -o + 19. Let m be h(a). What is the greatest common divisor of 133 and m?
19
Let z = -302 - -550. What is the greatest common divisor of 8 and z?
8
Let w(h) = 7*h + 5. Let r(k) = -7*k - 5. Let b(u) = 6*r(u) + 7*w(u). Suppose -8 = -2*a - 0. Let g be b(a). What is the greatest common factor of 3 and g?
3
Suppose 4*s + 2*o = 978, 0*o + 738 = 3*s + 3*o. What is the greatest common divisor of 3 and s?
3
Suppose 2*w - 4 = 14. Let c(q) = q**3 - 18*q**2 - 41*q + 10. Let s be c(20). Let u be (40/12)/(s/(-135)). Calculate the greatest common factor of u and w.
9
Let s(d) = d**3 + 5*d**2 - 18*d - 7. Let c be s(-7). What is the greatest common factor of c and 28?
7
Let u(h) = -3*h - 3. Let p be u(-3). Let s be 14/21*-3*p. Let x be (3 - s/(-3)) + 15. Calculate the greatest common divisor of 21 and x.
7
Let b(i) = -21*i + 37. Let y be b(-7). Calculate the greatest common divisor of y and 23.
23
Suppose -70*o + 54*o + 928 = 0. What is the greatest common divisor of 116 and o?
58
Suppose m - 96 = 3*k, -5*m + 288 = -2*m + k. What is the greatest common factor of m and 80?
16
Suppose h - 5 = 7. Suppose 52 = -281*y + 269*y + 196. What is the greatest common divisor of h and y?
12
Let n(x) = -x**3 + 9*x**2 - 6*x - 1. Let m = -6 + 13. Let q be n(m). Suppose 9*c = 4*c + q. Calculate the highest common factor of c and 88.
11
Suppose 3*w = 4*b + 28, 3*w - 20*b + 19*b - 34 = 0. What is the highest common divisor of w and 36?
12
Suppose 5*a + 0*b - 14 = b, -3*b = -5*a + 22. What is the greatest common divisor of a and 146?
2
Let l(s) = -s**2 - 45*s + 7. Let g be l(-45). Let d = 4 + -3. What is the greatest common divisor of d and g?
1
Let n(w) = 3*w**2 - 134*w + 35. Let f be n(45). Calculate the highest common factor of 10 and f.
10
Suppose 2*u + 30 = 64. What is the greatest common divisor of 170 and u?
17
Let m = -26 - -28. Let q(y) = 9*y**2 - 4. Let g be q(m). Let o be (-9)/(-12) + 1902/24. What is the greatest common factor of o and g?
16
Suppose 0 = 29*j - 24*j - 5. Suppose 0 = -2*v - 3*f - 4, 3*v - 2*v = -3*f - 5. Calculate the highest common factor of j and v.
1
Let z be -4 + (41 - (1 + -5)). Let g be 0 - 0 - (-1 - 1). Suppose -f = 4, g*f + z = 3*a - 0*f. What is the highest common divisor of 1 and a?
1
Suppose 2 - 12 = -5*l. Let d be l/8 + 11/4. Suppose -24 = -d*a - a. What is the highest common factor of 54 and a?
6
Suppose 0 = o + 88 - 432. Calculate the highest common factor of 43 and o.
43
Suppose 0 = l + c - 2891 + 918, 2*l - 5*c - 3939 = 0. What is the highest common divisor of l and 34?
34
Let d(w) be the first derivative of w**4/4 - 8*w**3/3 + 9*w**2/2 - 10*w + 19. Let u be d(7). What is the greatest common divisor of 4 and u?
4
Let w(f) = f**3 - 14*f**2 + 18*f + 19. Let i be w(13). Let u = -33 + i. Calculate the greatest common divisor of 34 and u.
17
Let a = 17 + -17. Suppose a*j - 528 = -6*j. What is the greatest common divisor of j and 11?
11
Suppose 0 = -6*v + 15 - 3. Suppose -17 = -p - 2*p + 5*w, 2*p + v*w = 6. Let j be 20/6 - (-2)/3. Calculate the greatest common divisor of j and p.
4
Let r be (-3632)/(-18) - (-46)/207. What is the highest common factor of r and 505?
101
Let i(b) = -13*b - 57. Let m be i(-5). What is the highest common divisor of m and 184?
8
Let o(x) = 4*x + 101. Let s be o(6). Calculate the highest common divisor of s and 50.
25
Let v be 6/(-4)*(-3*192)/6. Calculate the greatest common factor of v and 64.
16
Let b(m) = -5*m - 119. Let w be b(-24). Let j = 5 - -5. Calculate the highest common factor of w and j.
1
Let b = 820 + -625. Calculate the highest common divisor of 130 and b.
65
Let n = 193 + -121. Calculate the highest common divisor of n and 120.
24
Suppose 2*y + 5*m - 59 = 0, 2*y - 105 = -2*y + 3*m. Let j = y - -125. Calculate the highest common divisor of 19 and j.
19
Let r(o) = -4*o - 28. Let m be r(-10). Suppose 18*i - m*i = 360. What is the highest common divisor of i and 24?
12
Let n(i) = 11*i**2 - 12*i - 9. Let s be n(6). What is the greatest common divisor of 35 and s?
35
Let l(x) = x**3 + x**2 - 2*x + 5. Let z be l(0). Let c be (-1 + z)*((-6)/(-4) + 0). Calculate the greatest common divisor of 42 and c.
6
Suppose 510 = 5*c - 5*r, -r + 135 = -5*c + 665. What is the highest common divisor of 321 and c?
107
Let u(s) = -s**3 + 4*s**2 + 16*s - 20. Let m be u(6). Calculate the greatest common divisor of 128 and m.
4
Suppose 17*q - 20*q + 90 = 0. Calculate the highest common factor of 24 and q.
6
Let r be (-2 - (-3 + 1)) + (62 - -4). What is the highest common divisor of 44 and r?
22
Let l = -1